+ y. Let b(z) = z**3 - 11. Determine b(d).
-11
Let j be (2/8 + -1)*(252 - 244). Let a(m) be the second derivative of -m**4/24 - m**3 - m**2/2 + m. Let k(x) be the first derivative of a(x). Give k(j).
0
Let i(o) be the second derivative of -1/20*o**5 + 2/3*o**4 + 0 - 9/2*o**2 - 1/3*o**3 - 39*o. Calculate i(8).
-25
Let i(y) = 2*y - 2. Let w(k) = 20*k - 16. Let s(m) = 17*i(m) - 2*w(m). Calculate s(1).
-8
Let z(m) = -2*m**2 + 4*m + 5. Let r(a) = -13*a**2 - 4*a - 11. Let q be r(-2). Let v = -50 - q. Give z(v).
-25
Let v(t) = -6*t - 3. Let c = -8886 - -8888. What is v(c)?
-15
Suppose 2*s - 4 = -0, -a - 5*s + 30 = 0. Suppose -5*x = a, f = -3*f - x + 52. Let p(z) = -f*z + 0 - 2 + 5*z. Determine p(-2).
16
Let f(z) = -417*z**3 - 1530*z**2 - 5*z + 32 + 416*z**3 + 1521*z**2. What is f(-8)?
8
Let o(m) be the first derivative of -m + 65 + 1/2*m**2. Let l(i) = i**3 - 7*i**2 - 8*i + 6. Let a be l(8). Calculate o(a).
5
Suppose -90 = 7*h - 6*h - 19*h. Let o(m) be the third derivative of 5/24*m**4 - 9*m**2 - 1/60*m**h + 0 + 0*m**3 + 0*m. Give o(6).
-6
Let o(p) = -p**2 - 10*p - 24. Let v be o(-5). Let n be (-1)/(((24/27)/(-8))/v). Let b(k) = k**3 - 8*k**2 - 11*k + 15. What is b(n)?
-3
Suppose -3*h - 5*t + 75 - 8 = 0, 3*h + t = 47. Let n(j) = -j**2 + 0*j**3 - 16*j - 3 - 3*j**3 + h*j + 2. Determine n(-1).
3
Let o(m) = 49*m - 171. Let x be o(6). Let h = 119 - x. Let w(n) be the second derivative of n**3/2 + 5*n**2/2 + 6*n. Calculate w(h).
-7
Let p = 943 + -933. Let x(f) = -13*f + 131. Determine x(p).
1
Suppose 9*q - 35*q - 28*q + 216 = 0. Let w(f) = -4*f. Let p(g) = 3*g. Let z(m) = -3*p(m) - 2*w(m). Calculate z(q).
-4
Let i be ((-5)/(-15))/((-2)/(-12)) + 0. Let m(f) = 10 - 9*f**i + 47*f**3 - 21*f**3 - 25*f**3 + 6*f. Suppose -y - 5 = -13. Calculate m(y).
-6
Let z(o) = -o**2 + 66*o - 412. Let c be z(59). Let x(q) = 68*q**2 - 4*q. Determine x(c).
64
Let z(s) = -s**3 + 28*s**2 + 301*s - 460. Let l be z(36). Let x(o) = -2*o + 7*o**2 + o**2 + 0*o**2 + 2 - 6*o**3 + 5*o**3. Determine x(l).
-14
Let u be 68/(-102)*(-42)/(-4). Let q be u - (0 + -5 + 5). Let f(t) = t**3 + 6*t**2 - 8*t - 6. Determine f(q).
1
Suppose 0 = -2*c + 4*g, 4*c + 2*g - 10 = 5*g. Suppose -7*l + 66 = -c*l. Suppose 3*b - 16 = -l. Let n(k) = -2*k - 3. Determine n(b).
1
Suppose 5*n - 13 = -2*p + 3*p, 2*n - 2*p - 10 = 0. Let q(z) = 7*z - 8*z + 14 + 3 - n. Determine q(11).
4
Let b = 2183 + -2178. Let f(l) = 11*l**2 - l - 4. Let o(p) = 5*p**2 - p - 2. Let z(i) = 4*f(i) - 9*o(i). Calculate z(b).
2
Let n(a) be the second derivative of -a**4/6 + 4*a**3/3 - a**2 + 1722*a + 7. Let d be ((-9)/(-6))/(3/6). Give n(d).
4
Let v(s) = s**2 - 7*s - 1. Let r = -198 - -157. Let t = r - -51. Calculate v(t).
29
Let k(n) be the first derivative of 13 - 5*n + 0*n**2 - 2/3*n**3. What is k(4)?
-37
Let w(l) be the second derivative of -l**4/6 - 3*l**3 - 25*l**2/2 + 1276*l. Give w(-8).
-9
Let p(a) = -31*a + 753. Let n be p(24). Let d(m) = m**3 - 8*m**2 - 9*m + 12. Give d(n).
12
Let z = 103 - 59. Let v = 51 - z. Let c(t) = -5*t**2 - 2*t - 4. Let q(g) = -7*g**2 - 2*g - 3. Let p(x) = -4*c(x) + 3*q(x). Determine p(v).
-28
Let a(u) = -u + 2. Let t = -656 + 662. Let b(f) = f**3 - 3*f**2 - 16*f - 16. Let w be b(t). Give a(w).
6
Let c(h) = h**3 + 5*h**2 + 1. Let n be c(-5). Let m(f) = 451*f - 8733. Let l(j) = 45*j - 852. Let o(z) = -41*l(z) + 4*m(z). Calculate o(n).
-41
Let p(r) = -r**2 + 13*r - 6. Let t be 170/30 - 78/(-18). Determine p(t).
24
Let y(c) = c**3 - 15*c**2 + 13*c + 15. Suppose 283 = 5*p - 4*d + 73, d + 195 = 5*p. Suppose 0 = -p*t + 307 + 225. What is y(t)?
1
Let c be (-130)/(-18) - 6/27. Let b(a) be the third derivative of 7/60*a**5 - 1/24*a**4 + 24*a**2 - 1/120*a**6 + 1/6*a**3 + 0*a + 0. Calculate b(c).
-6
Let a(d) = d**3 - 7*d**2 + 11*d - 83. Let c be a(7). Let b(n) = -n**2 - 7*n - 9. What is b(c)?
-3
Let o(h) = 2*h**3 - 7*h**3 - 4*h**2 + 6*h**3 - h. Let g = -3454 + 3457. Calculate o(g).
-12
Let v(f) = -f**2 + 53. Suppose 0 = y - 2*i + 4, 4*y = 16*i - 12*i - 8. Give v(y).
53
Let k(n) be the third derivative of -n**5/30 - 5*n**4/12 - 9*n**3/2 - 1477*n**2. Give k(-6).
-39
Let u be ((-440)/60)/(22/6 + -3). Let w(v) = v**3 + 11*v**2 - 21. Determine w(u).
-21
Let i(c) be the second derivative of -2*c**3/3 - 70*c**2 - 6717*c. What is i(-38)?
12
Let t(f) be the second derivative of -3*f**5/10 - f**4/4 + f**3/6 + f**2/2 - 1309*f. Calculate t(1).
-7
Let n(w) = -28*w + 355. Let v be n(11). Suppose 4*c - 4*j - 52 = 0, -v = 2*c - 5*c - j. Let g(d) = -d + 17. Give g(c).
2
Let m(r) be the first derivative of -r**2/2 + r - 14. Let u be m(1). Let t = -4 + u. Let d(i) = -i**3 - 3*i**2 + 4*i + 5. What is d(t)?
5
Let a(w) = w**2 + 24*w + 25. Let n be (-16)/(-96) - (-21)/(-18). What is a(n)?
2
Let b(d) = 2*d + 24. Let r be b(-11). Let u(o) = -8*o - 1 + 9*o - 7. Determine u(r).
-6
Let n be 6 - (-1 + 5 - -1) - -13. Let h(l) = -1 - 3*l + 16 + 0 + 1 - n. Give h(5).
-13
Suppose -2*p - 10 = 0, -8*p = -r - 13*p + 985. Let g(i) = -i**3 + 503 - r - 7*i**2 + 516 - 3*i. What is g(-7)?
30
Let a(w) = 13 + 202*w - 202*w + 10*w**2 + w**3 - 2*w**3. Suppose -8*t = -12 - 68. Give a(t).
13
Suppose 0*o - 2 = 3*o - 14. Let l(n) = -n**3 + 2*n**2 + 3*n + 5. What is l(o)?
-15
Let w = 364 - 362. Let g(j) = -1 + 2*j - j**3 + 30*j**w + 15*j**2 - 39*j**2. Give g(6).
11
Let f(p) = -29*p**3 + 3*p - 2. Suppose -1860 = 7*u - 1867. Give f(u).
-28
Let v(c) = 8*c + 11. Let u be -3*3*(-13)/(-39). Let q be v(u). Let s(a) = a - 11. Let p(i) = -2*i + 23. Let h(d) = q*s(d) - 6*p(d). What is h(6)?
-1
Let b(a) = -a**3 + 4*a**2 + 2. Suppose 5*d - 37 = 93. Suppose 0 = -15*v - 103 + 178. Suppose 5*k - 2*j - d = 0, -27 = -k - 2*k + v*j. What is b(k)?
2
Let t(p) be the third derivative of p**7/720 + 3*p**5/4 - 30*p**2 + p. Let f(k) be the third derivative of t(k). What is f(4)?
28
Let b(f) = 2*f**3 + 5*f**2 + 3*f + 4. Suppose -5*a - 4 = -4*n, -6*n + 5*n - 5*a + 26 = 0. Let t be -3 - n/14 - 9/(-21). What is b(t)?
-14
Let h(s) = 4625*s**2 + 12*s + 8 - 2318*s**2 - 2310*s**2. What is h(7)?
-55
Let i(k) = -2*k**2 - 24*k - 26. Suppose -4*y - 352*x + 349*x = 38, -4*y - 2*x - 40 = 0. Calculate i(y).
-4
Let q(n) = 106*n + 18330. Let r be q(-173). Let t(c) = -c**3 - 7*c**2 - 9*c - 8. Calculate t(r).
128
Suppose 0 = -3*v + w - 21, -14*v + 2*w = -12*v + 18. Let b(u) = -4*u**2 - 22*u - 1. Calculate b(v).
-13
Let y be (-52)/(-10) - 1/5. Let p(x) be the third derivative of -x**5/60 + x**4/3 - 5*x**3/2 - 148*x**2 - 36. Determine p(y).
0
Let t(u) = u**3 - 3034*u + 8 + 6067*u - 6*u**2 - 3035*u. Let k = 4 - -5. Suppose 4*j - 39 = -j + 3*a, -k = -j + a. What is t(j)?
-4
Let h(j) = 108*j**2 - 26*j + 1250 - 107*j**2 - 1256. What is h(26)?
-6
Let w = -4354 + 4359. Let g(y) = -2*y**3 + 7*y**2 - y - 5. Calculate g(w).
-85
Let x(y) be the second derivative of 0 + 17*y - 1/6*y**3 + 1/20*y**5 + 14*y**2 - 1/8*y**4. Let t(j) be the first derivative of x(j). What is t(-2)?
17
Let z(p) be the first derivative of p**3/3 - 7*p + 66. Let l = -14 - -17. Suppose -l*a = -0*a. Determine z(a).
-7
Suppose 4*s - 190 = 2*z - 3*z, s - 58 = 5*z. Let c be (-294)/s - (15/(-24))/5. Let x(m) = m. Let q(l) = 3*l. Let y(w) = -4*q(w) + 11*x(w). Calculate y(c).
6
Let l(z) be the first derivative of z**2 + 37*z + 774. Determine l(-7).
23
Let d be (-80)/(-60) - (-2 + 6/(-9)). Let c(n) = 9 - 1 - 5 + d*n - 2. Determine c(-4).
-15
Let i = -158 + 162. Suppose -i*o - 3*q = 31, 0 = -2*o - 3*o - 5*q - 45. Let g(n) = -n. Let h(v) = v - 6. Let z(x) = -4*g(x) - h(x). Determine z(o).
-6
Let y(g) = 6*g**3 + 3*g**2 - 2*g - 3. Let b(h) = 5*h**3 + 0*h - 2*h + h + 3*h**2 - 2. Let n(p) = -5*b(p) + 4*y(p). Calculate n(-2).
0
Suppose 0 = -r - 32 + 35. Let y be 2*(-1 + (-27)/(-6)). Let k(j) = 3*j - j + 0*j - y*j**2 - 9 + 2*j**3 - r*j**3. What is k(-7)?
-23
Let u(a) = -16*a + 7. Suppose 56 = -58646*k + 58654*k. Calculate u(k).
-105
Let m(l) be the first derivative of -5*l**4/4 + l**3 - 2*l**2 + 2*l - 3679. Determine m(3).
-118
Let p(y) = -3*y**3 - 17*y**2 - 12*y + 22. Let c(j) = j**3 + j**2 - 1. Let x(z) = -2*c(z) - p(z). Let h = -2752 + 2738. Give x(h).
8
Let f(y) = y**3 + 10*y**2 + 10*y - 582 - 563 + 1153. Let q = 2 + -11. Calculate f(q).
-1
Let l(s) = -s**3 + 8*s**2 - 8*s - 1. Suppose -26 = -5*a - q + 2, 5*q + 5 = 4*a. Determine l(a).
34
Let h(w) = -6*w. Supp